e factors of k.
2, 5
Let w(i) be the second derivative of 1/10*i**5 + 0 - 31/12*i**4 + 5/2*i**2 + 5/2*i**3 - 15*i. List the prime factors of w(15).
5
Let u = 846 - 545. Let f(m) = 0*m**2 + 11 - 7*m**2 + 2*m - 299*m**3 + u*m**3. List the prime factors of f(5).
2, 3
Let x = 520 - 471. Suppose 2*i + 54*q - x*q - 942 = 0, 6 = 3*q. What are the prime factors of i?
2, 233
Suppose -2*y - 5*s + 5 = 0, s = -y + 5 + 5. Suppose 2*g - 1799 = -3*i, 0 = i - 11*g + y*g - 613. What are the prime factors of i?
3, 199
Let c = -465 + 1626. List the prime factors of c.
3, 43
Let t(w) = -36*w**3 - 14*w**2 - 32*w - 113. What are the prime factors of t(-12)?
13, 4651
Suppose 264*l + 192690 = 279*l. What are the prime factors of l?
2, 3, 2141
Let w = -5668 - -9684. What are the prime factors of w?
2, 251
Let a = 72 - 67. Let w(b) = 3*b**3 - 2*b**2 + 8. Let o be w(a). Let n = o - 166. What are the prime factors of n?
167
Let s(b) be the first derivative of -33*b**2/2 - 142*b - 7. List the prime factors of s(-7).
89
Let y = -356 - -356. Suppose y = i + 3*o - 699, 0 = -19*o + 23*o - 12. List the prime factors of i.
2, 3, 5, 23
Let r = 13 - -107. Let y = r + 35. What are the prime factors of y?
5, 31
Suppose -5620 - 55740 = -16*m. List the prime factors of m.
5, 13, 59
Let a be -6*((-1)/8 + (-15)/72). Suppose -519 = -3*o - 4*m, 0 = m - a*m - 3. What are the prime factors of o?
3, 59
Let a = -33586 - -53131. List the prime factors of a/39 + 20/(-130).
3, 167
Suppose -36*p = -37*p + 1. What are the prime factors of 399 - 2*(p - (-15)/(-10))?
2, 5
Let j be 465/60 - (-9)/(-12). What are the prime factors of 465 - (49/j + -7)?
3, 5, 31
Suppose 5*f = -0*f + 10. Suppose -20 = -f*w - 30. What are the prime factors of ((-2340)/50)/(2/w)?
3, 13
List the prime factors of (-15)/75 - (-60588)/165.
367
Let h(b) = -209*b - 16. Let t(s) = 208*s + 16. Let m(k) = 3*h(k) + 4*t(k). What are the prime factors of m(1)?
13, 17
Let x(v) = -13*v**3 - 5*v**2 + 14*v + 4. Let w(p) = -24*p**3 - 11*p**2 + 27*p + 8. Let m(g) = -6*w(g) + 11*x(g). What are the prime factors of m(8)?
2, 7, 41
Suppose -4*t + 6658 = -2*q - 3*q, 4*q = -t + 1675. Let n = 2395 - t. What are the prime factors of n?
2, 7, 13
Suppose -f - 5 = -10. Let j be f*(-1 + 48)*(-7 - -8). List the prime factors of (j + 2 + 0)/((-18)/(-12)).
2, 79
Let h(i) = -3*i**3 + 15*i**2 - 24*i - 6. Let q(n) = 7*n**3 - 29*n**2 + 50*n + 13. Let s(b) = -5*h(b) - 2*q(b). What are the prime factors of s(19)?
2, 7, 79
Suppose 0 = -3*k - 2 + 17. Suppose -3*y = 4*x - 25, k*y - 3 + 0 = 3*x. Suppose y*o + o + 62 = j, o + 153 = 3*j. What are the prime factors of j?
2, 5
Let v(m) = -768*m - 3. Let u be v(-1). Suppose -2*t - 63 = -2*y - u, 4*t + 4*y - 1428 = 0. Let a = t - 154. List the prime factors of a.
2, 5
Suppose -5*r = c - 4852, 2*r - 962 = 2*c + 974. Suppose 7*f - r = -4*p + 5*f, -2*p + 487 = -f. List the prime factors of p.
3
Let l(k) = 3*k + 54. Let j be l(-23). What are the prime factors of (-60)/j - (0 - 829)?
7, 17
Suppose -12*h = -45 - 3. Suppose 3*b - 712 = -h*y, 4*b - 5*y = 5*b - 241. What are the prime factors of b?
2, 59
Suppose -5*x = w + 15, 2*x + 6 = 2*w - 0*x. Suppose -u - 113 = -4*u + p, u + p - 35 = w. Let z = u - -15. What are the prime factors of z?
2, 13
Let n(q) = -11*q**2 - 7*q + 55. Let h(v) = 13*v**2 + 6*v - 55. Let p(j) = -2*h(j) - 3*n(j). What are the prime factors of p(-11)?
3, 7, 11
Let u(z) = 12*z**3 - 3*z**2 + 9*z - 50. Let w be u(4). Suppose 9*s - w - 2102 = 0. List the prime factors of s.
2, 3, 13
What are the prime factors of 4/(-14) - (12 - (-7245587)/(-119))?
5, 487
Let a = 10132 - -12491. What are the prime factors of a?
3, 7541
Suppose -5*h - 11 = 14. Let c(a) = -7388 + 3695 - 12*a - 25*a + 3680. What are the prime factors of c(h)?
2, 43
Let d = -61 + 52. Let t(r) = 3*r**2 + 2*r - 2. Let x be t(d). Suppose x = 2*n - c, 439 = -2*n + 6*n + 5*c. List the prime factors of n.
3, 37
Let r be (-2)/50*-5 + 3596/20. Suppose -4*j + r = -2100. What are the prime factors of j?
2, 3, 5, 19
Suppose -5*b + 153 = 2*l + 52, 4*b = -l + 52. List the prime factors of 11/(44/l)*(-50)/(-15).
2, 5
Let b(u) = -1008*u - 84. Let f be b(5). List the prime factors of (f + 9)/(-5) - 3.
2, 3, 5, 17
Suppose 5*m + 0*m = -3*b + 60917, -101511 = -5*b - 4*m. What are the prime factors of b?
53, 383
Let r(v) = -3*v**2 - 374*v - 55. List the prime factors of r(-46).
7, 1543
Let s be ((-4)/(-8))/1*-6 + -3. Let g(h) = -2*h**2 + 4*h - 8. Let j be g(7). What are the prime factors of ((-8)/s)/(2/3) - j?
2, 5
Let g be (0*(-2)/(-8) + 1)/(-1). List the prime factors of (-156)/(g*5/5 - 0).
2, 3, 13
List the prime factors of 315936/126 - (-20)/35.
2, 3, 11, 19
What are the prime factors of (-1 + 0)*(-4315 + (13 - 10/2))?
59, 73
Suppose -5*w + 3*t + 2*t - 10 = 0, -4*w + 5*t = 12. Suppose -38 = w*l + 44. Let o = l - -135. List the prime factors of o.
2, 47
Suppose 24*u - 1039 - 12833 = 0. Let x = -214 - -397. Suppose 2*w - x = 5*h, 4*w + h - u = -201. List the prime factors of w.
2, 47
Suppose 75*o + 125*o = 6093200. List the prime factors of o.
2, 15233
What are the prime factors of (-4)/(-3)*271980/40?
2, 3, 1511
Suppose -5*u + 69 = 5*z - 41, 2*u - 23 = 5*z. Suppose -g + 3720 = u*g. What are the prime factors of g?
2, 3, 31
Let a(d) = -8*d**3 + 5*d + 2. Let b be a(-2). What are the prime factors of -1667*2*(-28)/b?
1667
Let f(l) = l**2 - 5*l - 65. Let b be f(11). Let c(r) = 698*r - 74. What are the prime factors of c(b)?
2, 3, 13
Let k = -382 - -1137. Suppose -k = -7*y + 2*y + 5*t, -5*y + 735 = 5*t. What are the prime factors of y?
149
Let i(g) = -29*g - 42. Let j(f) = f**2 + 12*f + 24. Let t be j(-9). List the prime factors of i(t).
3, 5
Let z be 712/24*-3*9. Let h = z + 1187. What are the prime factors of h?
2, 193
Suppose 0 = 5*h + 2*q - 52962, -42363 = 47*h - 51*h + 5*q. What are the prime factors of h?
2, 331
Suppose -5*k = 3*k - 112. Suppose a = -k*t + 19*t + 444, a + 4*t = 408. What are the prime factors of a?
2, 53
Let i(j) = j**3 - 8*j**2 - 6*j - 4. Let g be i(-3). Let m = 56 - g. What are the prime factors of m?
3, 47
Suppose -17*w - 7*w - 14*w + 159030 = 0. List the prime factors of w.
3, 5, 31
Let y(b) = b + 12. Let i be y(-8). Suppose f + 3*j + 5 = 0, i*j + 3 = 3*j. Suppose -2*p + f*a + 130 = 0, a + a = -2*p + 112. What are the prime factors of p?
59
Let d be (3 + (-5 - -1) - -2)*1. List the prime factors of (-6)/(-3) - (1 + d - 258).
2, 3, 43
Suppose -4*o + 6973 + 761 = -2*p, -12 = -4*p. Let j = o - 1235. What are the prime factors of j?
2, 5, 7
Suppose -39*b - 288 = -41*b. Suppose 5*c - b - 311 = 0. List the prime factors of c.
7, 13
Suppose 5*l = o + 4*o + 115, 2*l - 25 = -5*o. Let c be (1/((-15)/27))/((-6)/l). Let n(s) = -s**2 + 8*s - 3. What are the prime factors of n(c)?
3
Let q be (3 - -3999) + 0 + 3 + -1. Suppose 0 = 5*p - q + 299. What are the prime factors of p?
3, 13, 19
Let y = 108 - 76. Suppose -5*q + 2790 = 5*o, 0 = 4*o - 12 + y. What are the prime factors of q?
563
Suppose 3*s + 6 = 0, -q + 5*s - 1 = -5. Let x(o) = 2*o**2 + 6*o - 6. Let j be x(q). Let v = -27 + j. List the prime factors of v.
3
List the prime factors of ((-21118)/(-5))/(((-18)/126)/(10/(-7))).
2, 10559
What are the prime factors of 153032/12 + (-52)/78?
2, 797
Let g(n) be the second derivative of n**5/20 + 5*n**4/2 + 53*n**3/6 - 22*n**2 + 43*n - 3. List the prime factors of g(-26).
2, 641
Suppose -2*r + 125 = 23. Let n = 21 + r. Suppose 321 - n = 3*f. List the prime factors of f.
83
Let g(d) = 24*d**3 - 3*d + 14. Let y be g(3). Suppose 651*u - y*u + 1184 = 0. What are the prime factors of u?
2, 37
Let b(s) = -s**3 + 16*s**2 - 5*s + 85. Let a be b(16). Suppose 2*f - a*o = -3*f + 1290, -f + 2*o = -254. List the prime factors of f.
2, 131
Let m = -16209 + 65462. List the prime factors of m.
49253
Suppose 369078 = 37*c - 663259. What are the prime factors of c?
27901
Let s = -11649 - -23526. List the prime factors of s.
3, 37, 107
Let v(a) = 66*a**2 + 3*a + 2. Suppose 0 = -i + 11 - 12. Let w be v(i). Suppose 0 = 3*q + 2*h - w, -q - h + 1 = -22. List the prime factors of q.
19
Suppose 0 = -210*s + 213*s + u - 54963, s - 3*u = 18301. What are the prime factors of s?
7, 2617
Suppose -p + c = -4*p + 25152, 4*c - 41920 = -5*p. List the prime factors of p.
2, 131
Let t be ((-3